8. What is z(5)?
1593
Let j(n) = -217*n**2 - 905*n - 753. Calculate j(-3).
9
Let s(a) = -2*a**3 + 706*a**2 - 695*a - 3152. What is s(352)?
16
Let r(m) = -9877*m + 562994. Determine r(57).
5
Let u(k) = -8*k**2 - 16*k + 507. What is u(12)?
-837
Let z(r) = 419622*r - 2517549. Calculate z(6).
183
Let w(x) = 3*x**2 + 1839*x + 45794. Give w(-26).
8
Let p(w) = -38*w**2 - 562*w + 356. What is p(-15)?
236
Let u(z) = 359*z - 2093. Give u(5).
-298
Let t(d) = 2*d**3 - 275*d**2 - 694*d - 802. Calculate t(140).
38
Let v(c) = 11926*c + 619760. What is v(-52)?
-392
Let o(i) = -2*i**2 + 787*i - 7478. What is o(10)?
192
Let j(u) = 5*u**3 - 18*u**2 + 62*u - 4. Give j(3).
155
Let z(r) = 43*r**2 - 4129*r - 149. Determine z(96).
-245
Let u(l) = -112587*l + 81. What is u(0)?
81
Let r(v) = -2*v**2 + 157*v - 2652. Give r(23).
-99
Let c(z) = -3*z**3 - 37*z**2 - 63*z - 1126. What is c(-13)?
31
Let t(z) = -6101*z + 12103. What is t(2)?
-99
Let c(f) = -2*f**3 + 40*f**2 - 64*f + 59. Calculate c(17).
705
Let l(u) = -5*u**3 - 11*u**2 + 162*u - 193. What is l(8)?
-2161
Let q(y) = y**3 - 88*y**2 - 8*y + 692. Give q(88).
-12
Let g(a) = -a**2 + 4494*a - 2822936. What is g(755)?
9
Let h(m) = m**2 + 99*m + 1949. Give h(-53).
-489
Let r(p) = -p**3 - 531*p**2 - 5728*p - 100. Calculate r(-11).
-12
Let w(s) = s**3 + 58*s**2 - 340*s - 1528. Give w(-63).
47
Let o(l) = 2*l**3 + 929*l**2 + 17363*l + 3556. Determine o(-445).
-4
Let q(d) = d**2 - 6634*d - 53136. What is q(-8)?
0
Let u(t) = -25110*t + 75585. What is u(3)?
255
Let m(y) = y**3 - 44*y**2 - 1970*y - 258. Calculate m(72).
3054
Let f(z) = 35404*z + 140822. Determine f(-4).
-794
Let f(i) = -i**3 - 44*i**2 - 149*i + 12. Determine f(-4).
-32
Let g(z) = -10380*z - 62261. Calculate g(-6).
19
Let m(g) = -154712*g + 1392395. What is m(9)?
-13
Let h(n) = n**3 + 50*n**2 - 824*n - 428. Give h(-63).
-113
Let v(g) = -g**2 - 25*g + 231. Give v(-36).
-165
Let n(k) = -991*k - 3016. What is n(-4)?
948
Let y(f) = -77*f**2 + 281*f + 249. Give y(3).
399
Let a(l) = -890*l - 33057. Calculate a(-37).
-127
Let p(g) = g**2 + 439*g + 2988. What is p(-7)?
-36
Let n(q) = q**3 - 37*q**2 - 2295*q - 334. Give n(-33).
-829
Let z(k) = -56*k**3 - 1759*k**2 - 5342*k + 164. Determine z(-28).
-4
Let l(v) = 2*v**2 - 7641*v + 15275. What is l(2)?
1
Let d(q) = -3*q**2 + 348*q + 2708. Calculate d(-8).
-268
Let o(x) = 10*x**3 - 310*x**2 - 955*x - 2196. Calculate o(34).
14
Let h(w) = 30902*w - 556214. Give h(18).
22
Let u(l) = 2*l**2 + 435*l - 9233. Calculate u(-237).
10
Let m(h) = 1936*h + 178040. Determine m(-92).
-72
Let h(f) = -15*f**2 - 6546*f - 9357. Calculate h(-435).
-222
Let h(v) = 15*v**2 - 25610*v - 179340. Give h(-7).
665
Let c(n) = n**3 - 9*n**2 - 1187*n + 12942. Give c(11).
127
Let w(o) = o**3 + 16*o**2 + 14*o - 49. What is w(-6)?
227
Let f(k) = -k**3 + 47*k**2 - 406*k - 1471. Determine f(16).
-31
Let g(f) = 3239*f + 2204. Determine g(-2).
-4274
Let z(g) = 117*g**2 + 1040*g - 118. What is z(-9)?
-1
Let q(t) = 2*t**3 - 46*t**2 + 279*t - 353. Give q(7).
32
Let y(r) = -47*r**3 - 1509*r**2 - 161*r + 10. Calculate y(-32).
42
Let j(i) = -20721*i + 911770. Determine j(44).
46
Let f(c) = 6*c**2 + 436*c + 3450. Calculate f(-9).
12
Let d(r) = r**3 + 193*r**2 + 7284*r + 2149. Calculate d(-51).
7
Let v(j) = -2*j**2 + 861*j + 58879. Calculate v(-60).
19
Let w(b) = 4*b**2 - 388*b + 2917. Give w(89).
69
Let a(r) = r**3 + 110*r**2 - 185*r + 4612. Give a(-112).
244
Let b(m) = -4*m**3 + 451*m**2 - 680*m + 38512. Give b(112).
-16
Let o(p) = -7*p**3 - 76*p**2 + 10*p + 1071. Determine o(-5).
-4
Let h(o) = 6*o**2 - 46*o - 749. Calculate h(-27).
4867
Let o(y) = -4*y**2 + 13896*y + 97451. Determine o(-7).
-17
Let q(o) = -21*o**2 - 6313*o + 8769. Determine q(-302).
11
Let b(a) = a**2 - 1193*a + 215584. Determine b(222).
22
Let g(i) = -201*i - 22774. Determine g(-113).
-61
Let w(p) = 41708*p - 41782. Calculate w(1).
-74
Let v(x) = 54335*x + 109343. Calculate v(-2).
673
Let a(j) = 175*j**2 - 5607*j + 91. What is a(32)?
-133
Let p(g) = 9*g**3 - 718*g**2 + 502*g + 4025. Determine p(79).
-4
Let t(b) = b**3 - 134*b**2 + 2178*b + 814. Calculate t(115).
9
Let q(d) = -d**3 - 5*d**2 + 353*d - 3675. Determine q(-25).
0
Let y(g) = 36*g - 1363. Give y(26).
-427
Let u(g) = 326*g**2 - 6183*g - 82. What is u(19)?
127
Let u(m) = -302*m**2 + 25*m - 8. Calculate u(1).
-285
Let u(q) = 12*q**2 - 502*q - 579. Calculate u(43).
23
Let o(z) = 1136*z**3 + 19339*z**2 + 458*z - 10. Determine o(-17).
7
Let l(u) = -2*u**2 + 126*u + 3481. Give l(77).
1325
Let s(v) = v**3 + 243*v**2 - 262*v - 2379. What is s(-244)?
2013
Let h(k) = 5*k**3 + 81*k**2 + 482*k - 201. What is h(-7)?
-1321
Let c(f) = -2*f**2 + 106*f - 1352. Give c(34).
-60
Let b(f) = -f**2 - 43533*f + 478989. Calculate b(11).
5
Let v(j) = j**3 + 185*j**2 - 919*j + 5955. Give v(-190).
65
Let c(r) = r**2 + 43*r - 870. Determine c(-78).
1860
Let k(h) = 13102*h + 8686619. Determine k(-663).
-7
Let x(m) = -m**2 - 56*m - 885. Calculate x(-26).
-105
Let d(o) = -24*o**2 + 2278*o + 4858. Determine d(97).
8
Let t(v) = -v**2 + 152*v - 5382. Determine t(62).
198
Let u(d) = d**3 + 139*d**2 + 528*d - 154. Calculate u(-135).
1466
Let j(z) = -1042*z - 2381. Determine j(-3).
745
Let z(k) = k**3 + 14*k**2 - 101*k - 1627. What is z(-16)?
-523
Let f(j) = 5065*j + 55725. Calculate f(-11).
10
Let h(f) = -6*f**2 - 694*f - 18476. Calculate h(-74).
24
Let w(a) = 694*a - 7808. Give w(11).
-174
Let j(n) = -56*n**2 + 130*n + 503. Calculate j(-4).
-913
Let b(r) = r**2 + 2028*r + 451995. What is b(-255)?
-120
Let l(s) = 19846*s - 396920. What is l(20)?
0
Let f(d) = -942*d**2 - 3224*d - 1181. What is f(-3)?
13
Let v(d) = -7845717*d - 78457170. Determine v(-10).
0
Let r(m) = 15*m**2 - 23044*m + 409973. Give r(18).
41
Let k(l) = -l**3 - 66*l**2 + 647*l + 4591. Calculate k(-74).
521
Let j(a) = -203*a**2 + 313*a + 1280. What is j(-4)?
-3220
Let l(m) = 27*m**3 - 118*m**2 + 44*m - 79. Determine l(4).
-63
Let i(y) = 3*y**3 + 43*y**2 - 3555*y - 40319. What is i(-11)?
-4
Let u(n) = -2*n**2 + 1262*n - 168609. Calculate u(192).
-33
Let n(b) = -50632*b + 455699. Calculate n(9).
11
Let a(t) = -141*t + 70801. Determine a(501).
160
Let w(o) = -7*o**3 - o**2 + 2928*o - 2927. Calculate w(1).
-7
Let h(j) = -3*j**3 + 43*j**2 + 971*j - 13293. Give h(13).
6
Let s(a) = -4*a**2 - 171*a + 16070. Give s(45).
275
Let q(g) = -47*g**2 - 102*g + 171. What is q(8)?
-3653
Let i(l) = 2*l**3 + 53*l**2 + 331*l - 248. Give i(-14).
18
Let n(z) = 5417*z + 48848. Determine n(-9).
95
Let g(a) = -3*a**3 - 100*a**2 + 152*a + 5942. What is g(-33)?
-163
Let q(j) = -13*j**2 + 3892*j - 11664. What is q(3)?
-105
Let v(j) = -j**2 + 215*j + 13418. What is v(-52)?
-466
Let l(p) = -2105*p - 18947. Calculate l(-9).
-2
Let w(g) = 632*g - 1491. Calculate w(4).
1037
Let j(o) = -5*o**3 + 1389*o**2 + 1678*o - 1108. Calculate j(279).
8
Let z(l) = 185*l + 10168. Determine z(-56).
-192
Let r(b) = 92723*b - 1112667. What is r(12)?
9
Let n(h) = -23894*h**2 + 406197*h + 39. Determine n(17).
22
Let s(r) = -r**3 - 17*r**2 - 15640*r - 281875. Calculate s(-18).
-31
Let h(s) = -2*s**3 + 157*s**2 - 2544*s - 216. Calculate h(23).
-9
Let h(a) = 35142*a - 281123. Give h(8).
13
Let a(m) = 2*m**2 + 280*m - 16245. Determine a(-184).
-53
Let t(s) = 1490*s - 619832. Determine t(416).
8
Let k(f) = 1896*f + 346063. Give k(-183).
-905
Let i(q) = -8489*q + 24929. Calculate i(3).
-538
Let q(j) = j**3 - 52*j**2 - 661*j - 1053. Determine q(63).
963
Let a(w) = 15*w**3 + 628*w**2 - 44*w + 1679. Determine a(-42).
-1
Let i(r) = 14*r**2 - 4782*r - 216199. Calculate i(382).
13
Let a(i) = i**3 - 16*i**2 - 1306*i + 2665. Give a(2).
-3
Let u(j) = -2097*j + 94121. Calculate u(45).
-244
Let f(d) = -14*d**3 + 3108*d**2 + 116*d - 25740. Calculate f(222).
12
Let g(v) = 2*v**3 - 317*v**2 - 186*v + 6934. What is g(159)?
2641
Let m(v) = 389*v**2 + 52*v + 66. Calculate m(-1).
403
Let w(k) = -22130*k + 442957. Calculate w(20).
357
Let u(c) = 3007*c**2 + 492*c - 491. Give u(1).
3008
Let g(j) = -j**2 - 46*j + 984. Determine g(-64).
-168
Let d(m) = -414*m**2 - 11592*m - 6. What is d(-28)?
-6
Let g(z) = -z**3 - 14*z**2 + 18185*z + 164064. Calculate g(-9).
-6
Let s(p) = -8*p**3 - p**2 + 66*p + 679. Calculate s(-8).
4183
Let o(j) = 27343*j + 410116. Determine o(-15).
-29
Let p(b) = -b*